{"id":1089,"date":"2014-08-07T06:54:04","date_gmt":"2014-08-07T04:54:04","guid":{"rendered":"http:\/\/andy-buenning.de\/studio\/?page_id=1089"},"modified":"2016-06-22T11:51:41","modified_gmt":"2016-06-22T09:51:41","slug":"kontakt","status":"publish","type":"page","link":"https:\/\/andy-buenning.de\/studio\/kontakt\/","title":{"rendered":"Kontakt"},"content":{"rendered":"<p>Hast Du Fragen oder Du m\u00f6chtest einen Termin mit mir vereinbaren? Dann schreib mir bitte eine Nachricht. Ich werde mich anschlie\u00dfend bei Dir zur\u00fcckmelden.<\/p>\n<p>[cforms name=&#8220;Your default form&#8220;]<\/p>\n","protected":false},"excerpt":{"rendered":"<p>Hast Du Fragen oder Du m\u00f6chtest einen Termin mit mir vereinbaren? Dann schreib mir bitte eine Nachricht. Ich werde mich anschlie\u00dfend bei Dir zur\u00fcckmelden. [cforms name=&#8220;Your default form&#8220;]<\/p>\n","protected":false},"author":1,"featured_media":0,"parent":0,"menu_order":0,"comment_status":"closed","ping_status":"closed","template":"","meta":{"_et_pb_use_builder":"","_et_pb_old_content":"","_et_gb_content_width":"","_monsterinsights_skip_tracking":false,"_monsterinsights_sitenote_active":false,"_monsterinsights_sitenote_note":"","_monsterinsights_sitenote_category":0,"footnotes":""},"class_list":["post-1089","page","type-page","status-publish","hentry"],"aioseo_notices":[],"_links":{"self":[{"href":"https:\/\/andy-buenning.de\/studio\/wp-json\/wp\/v2\/pages\/1089","targetHints":{"allow":["GET"]}}],"collection":[{"href":"https:\/\/andy-buenning.de\/studio\/wp-json\/wp\/v2\/pages"}],"about":[{"href":"https:\/\/andy-buenning.de\/studio\/wp-json\/wp\/v2\/types\/page"}],"author":[{"embeddable":true,"href":"https:\/\/andy-buenning.de\/studio\/wp-json\/wp\/v2\/users\/1"}],"replies":[{"embeddable":true,"href":"https:\/\/andy-buenning.de\/studio\/wp-json\/wp\/v2\/comments?post=1089"}],"version-history":[{"count":3,"href":"https:\/\/andy-buenning.de\/studio\/wp-json\/wp\/v2\/pages\/1089\/revisions"}],"predecessor-version":[{"id":2773,"href":"https:\/\/andy-buenning.de\/studio\/wp-json\/wp\/v2\/pages\/1089\/revisions\/2773"}],"wp:attachment":[{"href":"https:\/\/andy-buenning.de\/studio\/wp-json\/wp\/v2\/media?parent=1089"}],"curies":[{"name":"wp","href":"https:\/\/api.w.org\/{rel}","templated":true}]}}